alculate the remainder when 3466 is divided by 1153.
7
Calculate the remainder when 158 is divided by 24.
14
What is the remainder when 437 is divided by 85?
12
What is the remainder when 78 is divided by 27?
24
What is the remainder when 2650 is divided by 4?
2
What is the remainder when 456 is divided by 127?
75
Calculate the remainder when 120 is divided by 49.
22
Calculate the remainder when 684 is divided by 99.
90
Calculate the remainder when 922 is divided by 62.
54
What is the remainder when 9 is divided by 6?
3
Calculate the remainder when 808 is divided by 200.
8
What is the remainder when 599 is divided by 86?
83
Calculate the remainder when 1209 is divided by 12.
9
What is the remainder when 932 is divided by 36?
32
What is the remainder when 789 is divided by 80?
69
Calculate the remainder when 299 is divided by 60.
59
Calculate the remainder when 133 is divided by 28.
21
What is the remainder when 506 is divided by 229?
48
What is the remainder when 20 is divided by 2?
0
What is the remainder when 2183 is divided by 91?
90
Calculate the remainder when 3510 is divided by 19.
14
What is the remainder when 1191 is divided by 161?
64
What is the remainder when 901 is divided by 59?
16
Calculate the remainder when 167 is divided by 22.
13
Calculate the remainder when 685 is divided by 187.
124
Calculate the remainder when 277 is divided by 8.
5
Calculate the remainder when 91 is divided by 20.
11
What is the remainder when 116 is divided by 10?
6
Calculate the remainder when 1387 is divided by 29.
24
Calculate the remainder when 1005 is divided by 502.
1
What is the remainder when 67 is divided by 27?
13
Calculate the remainder when 164 is divided by 64.
36
Calculate the remainder when 6958 is divided by 20.
18
What is the remainder when 1302 is divided by 45?
42
What is the remainder when 4863 is divided by 270?
3
Calculate the remainder when 543 is divided by 543.
0
Calculate the remainder when 21734 is divided by 105.
104
Calculate the remainder when 4312 is divided by 98.
0
Calculate the remainder when 695 is divided by 121.
90
Calculate the remainder when 104 is divided by 19.
9
Calculate the remainder when 117 is divided by 43.
31
Calculate the remainder when 219 is divided by 63.
30
What is the remainder when 123 is divided by 28?
11
Calculate the remainder when 48 is divided by 18.
12
What is the remainder when 946 is divided by 119?
113
What is the remainder when 7157 is divided by 7?
3
Calculate the remainder when 121 is divided by 69.
52
Calculate the remainder when 162 is divided by 15.
12
Calculate the remainder when 6296 is divided by 20.
16
Calculate the remainder when 185 is divided by 101.
84
Calculate the remainder when 197 is divided by 100.
97
Calculate the remainder when 350 is divided by 76.
46
Calculate the remainder when 202 is divided by 68.
66
Calculate the remainder when 7321 is divided by 66.
61
Calculate the remainder when 2404 is divided by 29.
26
Calculate the remainder when 4620 is divided by 34.
30
Calculate the remainder when 1035 is divided by 77.
34
What is the remainder when 16459 is divided by 56?
51
What is the remainder when 155 is divided by 26?
25
What is the remainder when 154 is divided by 33?
22
Calculate the remainder when 68 is divided by 15.
8
Calculate the remainder when 7 is divided by 3.
1
What is the remainder when 4 is divided by 1?
0
Calculate the remainder when 2035 is divided by 298.
247
Calculate the remainder when 323 is divided by 133.
57
What is the remainder when 511 is divided by 26?
17
What is the remainder when 686 is divided by 231?
224
What is the remainder when 370 is divided by 135?
100
Calculate the remainder when 320 is divided by 23.
21
What is the remainder when 53 is divided by 7?
4
What is the remainder when 57 is divided by 34?
23
What is the remainder when 216 is divided by 210?
6
What is the remainder when 4425 is divided by 43?
39
What is the remainder when 1136 is divided by 563?
10
What is the remainder when 285 is divided by 93?
6
Calculate the remainder when 332 is divided by 84.
80
What is the remainder when 180 is divided by 14?
12
Calculate the remainder when 1868 is divided by 78.
74
What is the remainder when 48 is divided by 8?
0
Calculate the remainder when 1601 is divided by 134.
127
Calculate the remainder when 6683 is divided by 191.
189
Calculate the remainder when 11995 is divided by 7.
4
What is the remainder when 108 is divided by 106?
2
Calculate the remainder when 2116 is divided by 263.
12
Calculate the remainder when 3494 is divided by 76.
74
What is the remainder when 233 is divided by 16?
9
What is the remainder when 1245 is divided by 48?
45
Calculate the remainder when 63 is divided by 4.
3
Calculate the remainder when 565 is divided by 144.
133
What is the remainder when 1060 is divided by 217?
192
Calculate the remainder when 516 is divided by 29.
23
Calculate the remainder when 7606 is divided by 2531.
13
Calculate the remainder when 120 is divided by 34.
18
What is the remainder when 495 is divided by 24?
15
Calculate the remainder when 8908 is divided by 4450.
8
What is the remainder when 119 is divided by 25?
19
Calculate the remainder when 11096 is divided by 74.
70
What is the remainder when 118 is divided by 33?
19
What is the remainder when 963 is divided by 42?
39
Calculate the remainder when 68 is divided by 10.
8
Calculate the remainder when 531 is divided by 168.
27
What is the remainder when 2176 is divided by 33?
31
Calculate the remainder when 170 is divided by 48.
26
What is the remainder when 1302 is divided by 166?
140
What is the remainder when 266 is divided by 69?
59
What is the remainder when 1887 is divided by 18?
15
Calculate the remainder when 2443 is divided by 26.
25
What is the remainder when 52 is divided by 30?
22
Calculate the remainder when 124 is divided by 27.
16
Calculate the remainder when 1180 is divided by 190.
40
Calculate the remainder when 243 is divided by 35.
33
Calculate the remainder when 233 is divided by 49.
37
Calculate the remainder when 271 is divided by 130.
11
What is the remainder when 159 is divided by 138?
21
What is the remainder when 489 is divided by 30?
9
Calculate the remainder when 341 is divided by 35.
26
Calculate the remainder when 228 is divided by 15.
3
What is the remainder when 3696 is divided by 3678?
18
What is the remainder when 601 is divided by 154?
139
Calculate the remainder when 1220 is divided by 111.
110
Calculate the remainder when 593 is divided by 52.
21
Calculate the remainder when 1142 is divided by 23.
15
What is the remainder when 1098 is divided by 186?
168
Calculate the remainder when 1789 is divided by 87.
49
Calculate the remainder when 1306 is divided by 19.
14
What is the remainder when 3504 is divided by 12?
0
What is the remainder when 37 is divided by 13?
11
What is the remainder when 1373 is divided by 86?
83
What is the remainder when 870 is divided by 88?
78
Calculate the remainder when 184 is divided by 103.
81
What is the remainder when 159 is divided by 25?
9
Calculate the remainder when 144 is divided by 57.
30
Calculate the remainder when 344 is divided by 9.
2
What is the remainder when 263 is divided by 50?
13
Calculate the remainder when 238 is divided by 45.
13
Calculate the remainder when 302 is divided by 32.
14
What is the remainder when 210 is divided by 71?
68
What is the remainder when 177 is divided by 61?
55
Calculate the remainder when 4111 is divided by 274.
1
What is the remainder when 1429 is divided by 74?
23
What is the remainder when 109 is divided by 49?
11
What is the remainder when 617 is divided by 196?
29
Calculate the remainder when 16 is divided by 14.
2
What is the remainder when 77 is divided by 21?
14
Calculate the remainder when 2590 is divided by 81.
79
Calculate the remainder when 264 is divided by 104.
56
What is the remainder when 13433 is divided by 112?
105
What is the remainder when 896 is divided by 5?
1
Calculate the remainder when 275 is divided by 46.
45
What is the remainder when 2233 is divided by 195?
88
Calculate the remainder when 14625 is divided by 71.
70
What is the remainder when 345 is divided by 25?
20
What is the remainder when 306 is divided by 36?
18
Calculate the remaind